 highest common factor of m and 30?
6
Let j be 5 - (-1392)/20 - 3*10/(-75). Suppose 5*w + 0 = q - 3, 3*q - w - 9 = 0. What is the highest common factor of j and q?
3
Suppose 0 = 2*o + 3*z - 509, -o - z = -3*o + 489. Calculate the highest common factor of o and 52.
13
Let r = 304 + -303. Let z = 21 - 18. Let o be (60/(-16) + z)*-8. Calculate the highest common divisor of r and o.
1
Let i(t) = -8 + t + 10*t - 5 + 12*t**2 + 5 - 10. Let l be i(-3). What is the highest common factor of 399 and l?
57
Suppose -173*p + 183816 = 229*p - 106*p. Suppose -w = -19 - 4. Calculate the highest common divisor of w and p.
23
Let d = 3967 + -3903. What is the greatest common divisor of d and 176?
16
Suppose 64*z = -20*z + 19404. Calculate the greatest common divisor of 264 and z.
33
Let j = 245 - 465. Let m = j - -224. What is the highest common divisor of 12 and m?
4
Let h(v) = v**2 + 2*v - 169. Let b be h(-14). Let u be 4 + b/(7/(-4522)). Calculate the greatest common factor of 52 and u.
26
Suppose -4*t + 173 = 117. Let c(d) = d - 2. Let o be c(7). Suppose -3*p + o*i + 74 = 0, -p + 26 = -0*i - i. Calculate the greatest common factor of p and t.
14
Let l(f) = -2*f + 14. Let u(r) = -r + 5. Let b be u(16). Let i be l(b). What is the greatest common factor of i and 36?
36
Let o(j) = 8*j**3 - 3*j**2 + j. Let r be o(1). Let i(t) = 487*t**3 - 13*t + 12. Let q be i(1). What is the greatest common factor of r and q?
6
Let s = 37 - 41. Let v(h) = -h + 16. Let x(f) = -f + 17. Let z(u) = s*x(u) + 5*v(u). Let m be z(-7). What is the greatest common factor of m and 209?
19
Suppose 413805 + 309075 = 90*h. What is the highest common divisor of 251 and h?
251
Suppose -20*a = 12*a + 192. Let w be -3 + (-100)/(24/a). What is the highest common divisor of 231 and w?
11
Let m(j) = j + 8. Let a be m(-7). Let f be 12/9*(a - -110). Let w = -3839 + 3876. What is the greatest common factor of f and w?
37
Let n(y) = -4*y + 104. Let q be n(17). Let s(f) = -19*f + 2. Let c be s(-7). Calculate the greatest common divisor of c and q.
9
Let d(v) be the second derivative of 13*v**4/12 - 4*v**3/3 - 7*v**2/2 - 4*v. Let t be d(-1). Calculate the highest common factor of 70 and t.
14
Suppose -72*o + 10994 = 137*o + 30*o. What is the greatest common factor of o and 12742?
46
Suppose 264*s - 266*s + 43 = 5*f, 3*f - 6 = s. What is the highest common divisor of s and 963?
9
Suppose o - 93 = -23. Suppose -66 = 2*l - 5*b, -5*l + 7*l - 4*b = -o. Let z = -41 - l. Calculate the greatest common factor of z and 3.
1
Let d be 6/(-8) - 14/(-8). Let u be (21/14 - d)*(0 - -16). Suppose -9*i + 33 = -u*i. What is the highest common divisor of i and 33?
33
Let x(q) = 4*q**3 + 56*q**2 - 5*q + 44. Let y be x(-11). Calculate the greatest common divisor of y and 165.
33
Let j be (-1925046)/(-13770) + ((-2)/(-20))/(4 + (-14)/4). Let o be (-1 - -2)*5 - 1. Suppose -o*a = -a - 168. Calculate the greatest common divisor of j and a.
28
Let d(m) = -49*m + 441. Let q(v) = 27*v - 220. Let b(x) = 4*d(x) + 7*q(x). Let w be b(20). Calculate the greatest common divisor of 224 and w.
28
Suppose 27*x - 29*x = 2*a - 30, -4*a + 75 = 5*x. Let b be 2/6 + (-4864)/(-24). Suppose b = 5*z - 22. Calculate the greatest common divisor of x and z.
15
Let m(q) = 6*q**3 + 48*q**2 + 60*q + 5. Let n be m(-6). What is the greatest common factor of 70 and n?
7
Let p = 3710 - -3554. What is the greatest common factor of p and 32?
32
Let b be -6 + 3 + 1 + (-38890)/(-5). Suppose 0 = -20*z - 16*z + b. What is the greatest common divisor of 54 and z?
54
Let g = -3361 - -3377. What is the highest common factor of 248 and g?
8
Let u be (-4)/(-22) + 306/11. Suppose -5765 + 230 = -15*o. Let s = o - 173. What is the highest common factor of s and u?
28
Let w(d) = 30*d + 11*d - 12*d - 92 - 401 + 72. Let g be w(15). What is the highest common divisor of 686 and g?
14
Let s = -96 - -61. Let k be (-784)/s - 4/10. Suppose -f - j = -3*f + 7, -3 = 3*f + 3*j. What is the greatest common divisor of k and f?
2
Suppose -42*x + 116 + 10 = 0. Suppose -5*v = -4*b - 78 - 26, -76 = -x*v - b. What is the greatest common factor of 216 and v?
24
Suppose -7*v = -27*v + 700. Let p be (((-63)/v)/((-9)/60))/1. Let w(c) = -c - 3. Let q be w(-6). Calculate the highest common factor of q and p.
3
Let j = -6018 + 6170. Calculate the highest common factor of 464 and j.
8
Suppose 95*c + 18502 = 106*c. Calculate the highest common factor of 116 and c.
58
Suppose -123 - 85 = -4*s. Let v be 16 + -2 + (-30)/(-5). Let u be (-7 + v)/(-4 - -5). Calculate the greatest common factor of u and s.
13
Let v(c) be the first derivative of c**4/4 + 5*c**3 + 9*c**2 - 14*c + 46. Let p be v(-9). Calculate the greatest common divisor of p and 10.
10
Let j(c) = 635*c + 1921. Let k be j(-3). Calculate the highest common factor of k and 6104.
8
Let j(s) = s**2 + 46*s - 88. Let g be j(2). Let c be ((-68)/(-12) - -3)*6. Calculate the greatest common divisor of g and c.
4
Let i be ((-123)/15 + 5)/(1/(-25)). Suppose 102 = 5*s - 218. Calculate the greatest common divisor of i and s.
16
Let u be (-1 - -5)/(42*76/819546). Calculate the greatest common divisor of u and 13.
13
Suppose 3*a + 6 = 3*x + 15, 5*a + 2*x = -6. Suppose -7 = 2*y + 5*v - a*v, -v = -2*y + 23. Calculate the greatest common factor of 144 and y.
9
Let x = -67 - -71. Let w(i) = -i**2 + 8*i + 100. Let o be w(0). Suppose -3*l + 2*k + 70 = 3*k, -o = -x*l + 2*k. What is the greatest common factor of 3 and l?
3
Let j(a) = -1821*a - 7499. Let i be j(-5). Calculate the greatest common divisor of i and 438.
146
Let v = 265 + -6. Let q = 64940 - 64829. What is the greatest common divisor of v and q?
37
Suppose -32*t + 33*t - 2 = 0. Suppose 3*f + 2*c = 397, -4*f - t*c - 79 + 605 = 0. What is the highest common factor of 6 and f?
3
Suppose 30647 = 25*m - 16253. Calculate the greatest common divisor of m and 28.
28
Let z(c) = 20*c + 30. Let n be z(-1). Let x be 241 - n/(-4)*(-16)/(-10). What is the highest common factor of 5 and x?
5
Let f = -9 - 5. Let d(m) = -m**3 - 14*m**2 + 6*m - 13. Let u be d(f). Let s be (-2)/(-4)*4 - u. What is the highest common factor of 11 and s?
11
Let b = -4457 + 11762. What is the greatest common divisor of 75 and b?
15
Let v(u) = 68*u + 22. Let p be v(4). Suppose -4*n = 7*o - 3*o - 352, 5*o - 424 = -n. Calculate the greatest common divisor of o and p.
42
Let s be (-7)/2*(1 - 103)/1. Let r be (-10)/8 - 2318/(-152). What is the greatest common divisor of r and s?
7
Let t = -13754 - -16618. What is the highest common divisor of t and 48?
16
Suppose 0 = -2*g + 2*q + 24, -4*g + 44 + 28 = 2*q. Suppose 4*u - 4*b - 1024 = 0, -4*u + 0*b + 5*b = -1024. Calculate the greatest common divisor of u and g.
16
Suppose -4*q + 22 = -2*q. Suppose 6*i + 210 = q*i. Suppose 18*b + 7 = 259. Calculate the greatest common factor of i and b.
14
Suppose -2*i = -h + 15 - 191, 0 = i + h - 97. Calculate the highest common divisor of i and 364.
91
Suppose -5*f = -226 - 34. Let m = -228 + 236. Calculate the greatest common divisor of m and f.
4
Let r(v) = -v**2 + 52*v - 484. Let o be r(19). What is the highest common factor of o and 637?
13
Let o be (-2)/8 - (-3)/12. Suppose -5*f + 5*m + 95 = 0, o = m + m. What is the greatest common factor of f and 38?
19
Suppose -5*w + 291 = 3*y, y - 105 = 18*w - 21*w. Calculate the greatest common factor of y and 1421.
29
Suppose 0 = i - 3*i - 6. Let k be 29 + (-2 - i) - 0. Let f be (2*k)/2 + -3. Calculate the highest common divisor of 9 and f.
9
Let y(t) = t**3 + 65*t**2 - 927*t - 117. Let q be y(-77). Calculate the highest common factor of q and 48.
6
Suppose 1331 = -4*c + z, 17*z - 1319 = 4*c + 20*z. Let o = c - -444. What is the highest common divisor of 80 and o?
16
Let v be 12 + 2/2*(6 + -11). Let f be 95 + (-5 - -3) - (-2 + v). Calculate the highest common factor of 11 and f.
11
Let p be 1 + (-6 - -5) - (1 + -2). Let g(z) = -318*z - 9. Let k be g(p). Let d = -209 - k. What is the highest common factor of 177 and d?
59
Suppose 5*b + 0*c - c = 1465, -2*b - 4*c = -608. Let x = -508 - -1089. Let f be x/14 + (-4)/(-8). Calculate the greatest common factor of f and b.
42
Suppose -z - 4*z = 3*i - 45, 3*z = 5*i + 27. Suppose 3*w - 507 = -x, -220*x - 666 = -4*w - 223*x. What is the highest common factor of z and w?
9
Let d(